{"id":13839,"date":"2022-05-26T15:55:10","date_gmt":"2022-05-26T15:55:10","guid":{"rendered":"https:\/\/www.therubberrollers.com\/?post_type=product&#038;p=13839"},"modified":"2023-12-23T00:06:35","modified_gmt":"2023-12-23T00:06:35","slug":"bayas-de-komori-40-139-mm","status":"publish","type":"product","link":"https:\/\/www.therubberrollers.com\/index.php\/product\/bayas-de-komori-40-139-mm\/","title":{"rendered":"Bayas de Komori 40 13,9 mm S"},"content":{"rendered":"<body><table class=\"mceItemTable\" border=\"0\" width=\"99%\" cellspacing=\"0\" cellpadding=\"0\" align=\"right\">\n<tbody>\n<tr>\n<td class=\"table-txt\" align=\"left\" bgcolor=\"#ECE5C7\" width=\"28%\">Posici\u00f3n del entintador<\/td>\n<td class=\"table-txt\" align=\"left\" bgcolor=\"#ECE5C7\" width=\"22%\">N\u00famero de oferta<\/td>\n<td class=\"table-txt\" align=\"left\" bgcolor=\"#ECE5C7\" width=\"10%\">Colocar. q<\/td>\n<td class=\"table-txt\" align=\"left\" bgcolor=\"#ECE5C7\" width=\"12%\">Larga<\/td>\n<td class=\"table-txt\" align=\"left\" bgcolor=\"#ECE5C7\" width=\"10%\">D\u00cdA.<\/td>\n<td class=\"table-txt\" align=\"left\" bgcolor=\"#ECE5C7\" width=\"18%\">Largo total<\/td>\n<\/tr>\n<tr>\n<td class=\"table-txt-normal\" style=\"border-bottom: #015883 1px solid; border-left: #015883 1px solid;\">Una forma<\/td>\n<td class=\"table-txt-normal\" style=\"border-bottom: #015883 1px solid; border-left: #015883 1px solid;\"><span style=\"font-size: 10pt; line-height: normal;\">L40-13.9-A<\/span><\/td>\n<td class=\"table-txt-normal\" style=\"border-bottom: #015883 1px solid; border-left: #015883 1px solid;\"><span style=\"font-size: 10pt; line-height: normal;\">1<\/span><\/td>\n<td class=\"table-txt-normal\" style=\"border-bottom: #015883 1px solid; border-left: #015883 1px solid;\"><span style=\"font-size: 10pt; line-height: normal;\">1036<\/span><\/td>\n<td class=\"table-txt-normal\" style=\"border-bottom: #015883 1px solid; border-left: #015883 1px solid;\"><span style=\"font-size: 10pt; line-height: normal;\">87.5<\/span><\/td>\n<td class=\"table-txt-normal\" style=\"border-right: #015883 1px solid; border-bottom: #015883 1px solid; border-left: #015883 1px solid;\"><span style=\"font-size: 10pt; line-height: normal;\">1102<\/span><\/td>\n<\/tr>\n<tr>\n<td class=\"table-txt-normal\" style=\"border-bottom: #015883 1px solid; border-left: #015883 1px solid;\">Forma B<\/td>\n<td class=\"table-txt-normal\" style=\"border-bottom: #015883 1px solid; border-left: #015883 1px solid;\"><span style=\"font-size: 10pt; line-height: normal;\">L40-13.9-B<\/span><\/td>\n<td class=\"table-txt-normal\" style=\"border-bottom: #015883 1px solid; border-left: #015883 1px solid;\"><span style=\"font-size: 10pt; line-height: normal;\">1<\/span><\/td>\n<td class=\"table-txt-normal\" style=\"border-bottom: #015883 1px solid; border-left: #015883 1px solid;\"><span style=\"font-size: 10pt; line-height: normal;\">1036<\/span><\/td>\n<td class=\"table-txt-normal\" style=\"border-bottom: #015883 1px solid; border-left: #015883 1px solid;\"><span style=\"font-size: 10pt; line-height: normal;\">77.5<\/span><\/td>\n<td class=\"table-txt-normal\" style=\"border-right: #015883 1px solid; border-bottom: #015883 1px solid; border-left: #015883 1px solid;\"><span style=\"font-size: 10pt; line-height: normal;\">1114<\/span><\/td>\n<\/tr>\n<tr>\n<td class=\"table-txt-normal\" style=\"border-bottom: #015883 1px solid; border-left: #015883 1px solid;\">Formulario C<\/td>\n<td class=\"table-txt-normal\" style=\"border-bottom: #015883 1px solid; border-left: #015883 1px solid;\"><span style=\"font-size: 10pt; line-height: normal;\">L40-13.9-C<\/span><\/td>\n<td class=\"table-txt-normal\" style=\"border-bottom: #015883 1px solid; border-left: #015883 1px solid;\"><span style=\"font-size: 10pt; line-height: normal;\">1<\/span><\/td>\n<td class=\"table-txt-normal\" style=\"border-bottom: #015883 1px solid; border-left: #015883 1px solid;\"><span style=\"font-size: 10pt; line-height: normal;\">1036<\/span><\/td>\n<td class=\"table-txt-normal\" style=\"border-bottom: #015883 1px solid; border-left: #015883 1px solid;\"><span style=\"font-size: 10pt; line-height: normal;\">85<\/span><\/td>\n<td class=\"table-txt-normal\" style=\"border-right: #015883 1px solid; border-bottom: #015883 1px solid; border-left: #015883 1px solid;\"><span style=\"font-size: 10pt; line-height: normal;\">1102<\/span><\/td>\n<\/tr>\n<tr>\n<td class=\"table-txt-normal\" style=\"border-bottom: #015883 1px solid; border-left: #015883 1px solid;\">Forma D<\/td>\n<td class=\"table-txt-normal\" style=\"border-bottom: #015883 1px solid; border-left: #015883 1px solid;\"><span style=\"font-size: 10pt; line-height: normal;\">L40-13.9-D<\/span><\/td>\n<td class=\"table-txt-normal\" style=\"border-bottom: #015883 1px solid; border-left: #015883 1px solid;\"><span style=\"font-size: 10pt; line-height: normal;\">1<\/span><\/td>\n<td class=\"table-txt-normal\" style=\"border-bottom: #015883 1px solid; border-left: #015883 1px solid;\"><span style=\"font-size: 10pt; line-height: normal;\">1036<\/span><\/td>\n<td class=\"table-txt-normal\" style=\"border-bottom: #015883 1px solid; border-left: #015883 1px solid;\"><span style=\"font-size: 10pt; line-height: normal;\">90<\/span><\/td>\n<td class=\"table-txt-normal\" style=\"border-right: #015883 1px solid; border-bottom: #015883 1px solid; border-left: #015883 1px solid;\"><span style=\"font-size: 10pt; line-height: normal;\">1114<\/span><\/td>\n<\/tr>\n<tr>\n<td class=\"table-txt-normal\" style=\"border-bottom: #015883 1px solid; border-left: #015883 1px solid;\">y conductor<\/td>\n<td class=\"table-txt-normal\" style=\"border-bottom: #015883 1px solid; border-left: #015883 1px solid;\"><span style=\"font-size: 10pt; line-height: normal;\">L40-NA-E<\/span><\/td>\n<td class=\"table-txt-normal\" style=\"border-bottom: #015883 1px solid; border-left: #015883 1px solid;\"><span style=\"font-size: 10pt; line-height: normal;\">1<\/span><\/td>\n<td class=\"table-txt-normal\" style=\"border-bottom: #015883 1px solid; border-left: #015883 1px solid;\"><span style=\"font-size: 10pt; line-height: normal;\">1036<\/span><\/td>\n<td class=\"table-txt-normal\" style=\"border-bottom: #015883 1px solid; border-left: #015883 1px solid;\"><span style=\"font-size: 10pt; line-height: normal;\">64<\/span><\/td>\n<td class=\"table-txt-normal\" style=\"border-right: #015883 1px solid; border-bottom: #015883 1px solid; border-left: #015883 1px solid;\"><span style=\"font-size: 10pt; line-height: normal;\">1122<\/span><\/td>\n<\/tr>\n<tr>\n<td class=\"table-txt-normal\" style=\"border-bottom: #015883 1px solid; border-left: #015883 1px solid;\">Distribuidor F<\/td>\n<td class=\"table-txt-normal\" style=\"border-bottom: #015883 1px solid; border-left: #015883 1px solid;\"><span style=\"font-size: 10pt; line-height: normal;\">L40-13.9-F<\/span><\/td>\n<td class=\"table-txt-normal\" style=\"border-bottom: #015883 1px solid; border-left: #015883 1px solid;\"><span style=\"font-size: 10pt; line-height: normal;\">2<\/span><\/td>\n<td class=\"table-txt-normal\" style=\"border-bottom: #015883 1px solid; border-left: #015883 1px solid;\"><span style=\"font-size: 10pt; line-height: normal;\">1036<\/span><\/td>\n<td class=\"table-txt-normal\" style=\"border-bottom: #015883 1px solid; border-left: #015883 1px solid;\"><span style=\"font-size: 10pt; line-height: normal;\">75<\/span><\/td>\n<td class=\"table-txt-normal\" style=\"border-right: #015883 1px solid; border-bottom: #015883 1px solid; border-left: #015883 1px solid;\"><span style=\"font-size: 10pt; line-height: normal;\">1098<\/span><\/td>\n<\/tr>\n<tr>\n<td class=\"table-txt-normal\" style=\"border-bottom: #015883 1px solid; border-left: #015883 1px solid;\">Distribuidor G<\/td>\n<td class=\"table-txt-normal\" style=\"border-bottom: #015883 1px solid; border-left: #015883 1px solid;\"><span style=\"font-size: 10pt; line-height: normal;\">L40-13.9-G<\/span><\/td>\n<td class=\"table-txt-normal\" style=\"border-bottom: #015883 1px solid; border-left: #015883 1px solid;\"><span style=\"font-size: 10pt; line-height: normal;\">2<\/span><\/td>\n<td class=\"table-txt-normal\" style=\"border-bottom: #015883 1px solid; border-left: #015883 1px solid;\"><span style=\"font-size: 10pt; line-height: normal;\">1036<\/span><\/td>\n<td class=\"table-txt-normal\" style=\"border-bottom: #015883 1px solid; border-left: #015883 1px solid;\"><span style=\"font-size: 10pt; line-height: normal;\">70<\/span><\/td>\n<td class=\"table-txt-normal\" style=\"border-right: #015883 1px solid; border-bottom: #015883 1px solid; border-left: #015883 1px solid;\"><span style=\"font-size: 10pt; line-height: normal;\">1126<\/span><\/td>\n<\/tr>\n<tr>\n<td class=\"table-txt-normal\" style=\"border-bottom: #015883 1px solid; border-left: #015883 1px solid;\">Distribuidora H<\/td>\n<td class=\"table-txt-normal\" style=\"border-bottom: #015883 1px solid; border-left: #015883 1px solid;\"><span style=\"font-size: 10pt; line-height: normal;\">L40-13.9-H<\/span><\/td>\n<td class=\"table-txt-normal\" style=\"border-bottom: #015883 1px solid; border-left: #015883 1px solid;\"><span style=\"font-size: 10pt; line-height: normal;\">1<\/span><\/td>\n<td class=\"table-txt-normal\" style=\"border-bottom: #015883 1px solid; border-left: #015883 1px solid;\"><span style=\"font-size: 10pt; line-height: normal;\">1036<\/span><\/td>\n<td class=\"table-txt-normal\" style=\"border-bottom: #015883 1px solid; border-left: #015883 1px solid;\"><span style=\"font-size: 10pt; line-height: normal;\">85<\/span><\/td>\n<td class=\"table-txt-normal\" style=\"border-right: #015883 1px solid; border-bottom: #015883 1px solid; border-left: #015883 1px solid;\"><span style=\"font-size: 10pt; line-height: normal;\">1147<\/span><\/td>\n<\/tr>\n<tr>\n<td class=\"table-txt-normal\" style=\"border-bottom: #015883 1px solid; border-left: #015883 1px solid;\">Distribuidora S<\/td>\n<td class=\"table-txt-normal\" style=\"border-bottom: #015883 1px solid; border-left: #015883 1px solid;\"><span style=\"font-size: 10pt; line-height: normal;\">L40-13.9-S<\/span><\/td>\n<td class=\"table-txt-normal\" style=\"border-bottom: #015883 1px solid; border-left: #015883 1px solid;\"><span style=\"font-size: 10pt; line-height: normal;\">1<\/span><\/td>\n<td class=\"table-txt-normal\" style=\"border-bottom: #015883 1px solid; border-left: #015883 1px solid;\"><span style=\"font-size: 10pt; line-height: normal;\">1036<\/span><\/td>\n<td class=\"table-txt-normal\" style=\"border-bottom: #015883 1px solid; border-left: #015883 1px solid;\"><span style=\"font-size: 10pt; line-height: normal;\">97<\/span><\/td>\n<td class=\"table-txt-normal\" style=\"border-right: #015883 1px solid; border-bottom: #015883 1px solid; border-left: #015883 1px solid;\"><span style=\"font-size: 10pt; line-height: normal;\">1147<\/span><\/td>\n<\/tr>\n<tr>\n<td class=\"table-txt-normal\" style=\"border-bottom: #015883 1px solid; border-left: #015883 1px solid;\">Jinete P<\/td>\n<td class=\"table-txt-normal\" style=\"border-bottom: #015883 1px solid; border-left: #015883 1px solid;\"><span style=\"font-size: 10pt; line-height: normal;\">L40-NA-P<\/span><\/td>\n<td class=\"table-txt-normal\" style=\"border-bottom: #015883 1px solid; border-left: #015883 1px solid;\"><span style=\"font-size: 10pt; line-height: normal;\">1<\/span><\/td>\n<td class=\"table-txt-normal\" style=\"border-bottom: #015883 1px solid; border-left: #015883 1px solid;\"><span style=\"font-size: 10pt; line-height: normal;\">1036<\/span><\/td>\n<td class=\"table-txt-normal\" style=\"border-bottom: #015883 1px solid; border-left: #015883 1px solid;\"><span style=\"font-size: 10pt; line-height: normal;\">88<\/span><\/td>\n<td class=\"table-txt-normal\" style=\"border-right: #015883 1px solid; border-bottom: #015883 1px solid; border-left: #015883 1px solid;\"><span style=\"font-size: 10pt; line-height: normal;\">1036<\/span><\/td>\n<\/tr>\n<tr>\n<td class=\"table-txt-normal\" style=\"border-bottom: #015883 1px solid; border-left: #015883 1px solid;\"><span style=\"font-size: 10pt; line-height: normal;\">\u00a0<\/span><\/td>\n<td class=\"table-txt-normal\" style=\"border-bottom: #015883 1px solid; border-left: #015883 1px solid;\"><span style=\"font-size: 10pt; line-height: normal;\">\u00a0<\/span><\/td>\n<td class=\"table-txt-normal\" style=\"border-bottom: #015883 1px solid; border-left: #015883 1px solid;\"><span style=\"font-size: 10pt; line-height: normal;\">\u00a0<\/span><\/td>\n<td class=\"table-txt-normal\" style=\"border-bottom: #015883 1px solid; border-left: #015883 1px solid;\"><span style=\"font-size: 10pt; line-height: normal;\">\u00a0<\/span><\/td>\n<td class=\"table-txt-normal\" style=\"border-bottom: #015883 1px solid; border-left: #015883 1px solid;\"><span style=\"font-size: 10pt; line-height: normal;\">\u00a0<\/span><\/td>\n<td class=\"table-txt-normal\" style=\"border-right: #015883 1px solid; border-bottom: #015883 1px solid; border-left: #015883 1px solid;\"><span style=\"font-size: 10pt; line-height: normal;\">\u00a0<\/span><\/td>\n<\/tr>\n<tr>\n<td class=\"table-txt-normal\" style=\"border-bottom: #015883 1px solid; border-left: #015883 1px solid;\" colspan=\"2\">Sistema de amortiguaci\u00f3n continua Komorimatic<\/td>\n<td class=\"table-txt-normal\" style=\"border-bottom: #015883 1px solid; border-left: #015883 1px solid;\"><span style=\"font-size: 10pt; line-height: normal;\">\u00a0<\/span><\/td>\n<td class=\"table-txt-normal\" style=\"border-bottom: #015883 1px solid; border-left: #015883 1px solid;\"><span style=\"font-size: 10pt; line-height: normal;\">\u00a0<\/span><\/td>\n<td class=\"table-txt-normal\" style=\"border-bottom: #015883 1px solid; border-left: #015883 1px solid;\"><span style=\"font-size: 10pt; line-height: normal;\">\u00a0<\/span><\/td>\n<td class=\"table-txt-normal\" style=\"border-right: #015883 1px solid; border-bottom: #015883 1px solid; border-left: #015883 1px solid;\"><span style=\"font-size: 10pt; line-height: normal;\">\u00a0<\/span><\/td>\n<\/tr>\n<tr>\n<td class=\"table-txt-normal\" style=\"border-bottom: #015883 1px solid; border-left: #015883 1px solid;\">Forma de agua V<\/td>\n<td class=\"table-txt-normal\" style=\"border-bottom: #015883 1px solid; border-left: #015883 1px solid;\"><span style=\"font-size: 10pt; line-height: normal;\">L40-1112-V<\/span><\/td>\n<td class=\"table-txt-normal\" style=\"border-bottom: #015883 1px solid; border-left: #015883 1px solid;\"><span style=\"font-size: 10pt; line-height: normal;\">1<\/span><\/td>\n<td class=\"table-txt-normal\" style=\"border-bottom: #015883 1px solid; border-left: #015883 1px solid;\"><span style=\"font-size: 10pt; line-height: normal;\">1042<\/span><\/td>\n<td class=\"table-txt-normal\" style=\"border-bottom: #015883 1px solid; border-left: #015883 1px solid;\"><span style=\"font-size: 10pt; line-height: normal;\">102<\/span><\/td>\n<td class=\"table-txt-normal\" style=\"border-right: #015883 1px solid; border-bottom: #015883 1px solid; border-left: #015883 1px solid;\"><span style=\"font-size: 10pt; line-height: normal;\">1112<\/span><\/td>\n<\/tr>\n<tr>\n<td class=\"table-txt-normal\" style=\"border-bottom: #015883 1px solid; border-left: #015883 1px solid;\">Forma de agua V<\/td>\n<td class=\"table-txt-normal\" style=\"border-bottom: #015883 1px solid; border-left: #015883 1px solid;\"><span style=\"font-size: 10pt; line-height: normal;\">L40-1150-V<\/span><\/td>\n<td class=\"table-txt-normal\" style=\"border-bottom: #015883 1px solid; border-left: #015883 1px solid;\"><span style=\"font-size: 10pt; line-height: normal;\">1<\/span><\/td>\n<td class=\"table-txt-normal\" style=\"border-bottom: #015883 1px solid; border-left: #015883 1px solid;\"><span style=\"font-size: 10pt; line-height: normal;\">1042<\/span><\/td>\n<td class=\"table-txt-normal\" style=\"border-bottom: #015883 1px solid; border-left: #015883 1px solid;\"><span style=\"font-size: 10pt; line-height: normal;\">101<\/span><\/td>\n<td class=\"table-txt-normal\" style=\"border-right: #015883 1px solid; border-bottom: #015883 1px solid; border-left: #015883 1px solid;\"><span style=\"font-size: 10pt; line-height: normal;\">1150<\/span><\/td>\n<\/tr>\n<tr>\n<td class=\"table-txt-normal\" style=\"border-bottom: #015883 1px solid; border-left: #015883 1px solid;\">Forma de agua V<\/td>\n<td class=\"table-txt-normal\" style=\"border-bottom: #015883 1px solid; border-left: #015883 1px solid;\"><span style=\"font-size: 10pt; line-height: normal;\">L40-1168-V<\/span><\/td>\n<td class=\"table-txt-normal\" style=\"border-bottom: #015883 1px solid; border-left: #015883 1px solid;\"><span style=\"font-size: 10pt; line-height: normal;\">1<\/span><\/td>\n<td class=\"table-txt-normal\" style=\"border-bottom: #015883 1px solid; border-left: #015883 1px solid;\"><span style=\"font-size: 10pt; line-height: normal;\">1042<\/span><\/td>\n<td class=\"table-txt-normal\" style=\"border-bottom: #015883 1px solid; border-left: #015883 1px solid;\"><span style=\"font-size: 10pt; line-height: normal;\">101<\/span><\/td>\n<td class=\"table-txt-normal\" style=\"border-right: #015883 1px solid; border-bottom: #015883 1px solid; border-left: #015883 1px solid;\"><span style=\"font-size: 10pt; line-height: normal;\">1168<\/span><\/td>\n<\/tr>\n<tr>\n<td class=\"table-txt-normal\" style=\"border-bottom: #015883 1px solid; border-left: #015883 1px solid;\">Forma de agua V<\/td>\n<td class=\"table-txt-normal\" style=\"border-bottom: #015883 1px solid; border-left: #015883 1px solid;\"><span style=\"font-size: 10pt; line-height: normal;\">L40-NA-W<\/span><\/td>\n<td class=\"table-txt-normal\" style=\"border-bottom: #015883 1px solid; border-left: #015883 1px solid;\"><span style=\"font-size: 10pt; line-height: normal;\">1<\/span><\/td>\n<td class=\"table-txt-normal\" style=\"border-bottom: #015883 1px solid; border-left: #015883 1px solid;\"><span style=\"font-size: 10pt; line-height: normal;\">1142<\/span><\/td>\n<td class=\"table-txt-normal\" style=\"border-bottom: #015883 1px solid; border-left: #015883 1px solid;\"><span style=\"font-size: 10pt; line-height: normal;\">88<\/span><\/td>\n<td class=\"table-txt-normal\" style=\"border-right: #015883 1px solid; border-bottom: #015883 1px solid; border-left: #015883 1px solid;\"><span style=\"font-size: 10pt; line-height: normal;\">1205<\/span><\/td>\n<\/tr>\n<\/tbody>\n<\/table>\n<p>\u00a0<\/p>\n<\/body>","protected":false},"excerpt":{"rendered":"<p>Posici\u00f3n del entintador N\u00famero de oferta Colocar. q Larga D\u00cdA. Largo total Una forma L40-13.9-A 1 1036 87.5 1102 Forma B L40-13.9-B 1 1036 77.5 1114 Formulario C L40-13.9-C 1 1036 85 1102 Forma D L40-13.9-D 1 1036 90 1114 y conductor L40-NA-E 1 1036 64 1122 Distribuidor F L40-13.9-F 2 1036 75 1098 Distribuidor [&hellip;]<\/p>\n","protected":false},"featured_media":13490,"comment_status":"open","ping_status":"closed","template":"","meta":{"_monsterinsights_skip_tracking":false,"_monsterinsights_sitenote_active":false,"_monsterinsights_sitenote_note":"","_monsterinsights_sitenote_category":0},"product_cat":[96],"product_tag":[142,144,145,141,146,140,143,148,147],"class_list":{"0":"post-13839","1":"product","2":"type-product","3":"status-publish","4":"has-post-thumbnail","6":"product_cat-komori-rubber-rollers","7":"product_tag-komori-dampening-rollers","8":"product_tag-komori-distributor-rollers","9":"product_tag-komori-ductor-rollers","10":"product_tag-komori-ink-rollers","11":"product_tag-komori-lithrone-roller","12":"product_tag-komori-offset-printing-rollers","13":"product_tag-komori-rubber-rollers-manufacturing","14":"product_tag-komori-spica-rubber-rollers","15":"product_tag-komori-sprint-rubber-rollers","17":"first","18":"instock","19":"virtual","20":"product-type-simple"},"aioseo_notices":[],"_links":{"self":[{"href":"https:\/\/www.therubberrollers.com\/index.php\/wp-json\/wp\/v2\/product\/13839","targetHints":{"allow":["GET"]}}],"collection":[{"href":"https:\/\/www.therubberrollers.com\/index.php\/wp-json\/wp\/v2\/product"}],"about":[{"href":"https:\/\/www.therubberrollers.com\/index.php\/wp-json\/wp\/v2\/types\/product"}],"replies":[{"embeddable":true,"href":"https:\/\/www.therubberrollers.com\/index.php\/wp-json\/wp\/v2\/comments?post=13839"}],"wp:featuredmedia":[{"embeddable":true,"href":"https:\/\/www.therubberrollers.com\/index.php\/wp-json\/wp\/v2\/media\/13490"}],"wp:attachment":[{"href":"https:\/\/www.therubberrollers.com\/index.php\/wp-json\/wp\/v2\/media?parent=13839"}],"wp:term":[{"taxonomy":"product_cat","embeddable":true,"href":"https:\/\/www.therubberrollers.com\/index.php\/wp-json\/wp\/v2\/product_cat?post=13839"},{"taxonomy":"product_tag","embeddable":true,"href":"https:\/\/www.therubberrollers.com\/index.php\/wp-json\/wp\/v2\/product_tag?post=13839"}],"curies":[{"name":"wp","href":"https:\/\/api.w.org\/{rel}","templated":true}]}}